 - 9, -h - 11 = 4*l. Give d(h).
-18
Let k(u) = 12 - 8*u - u**2 - 37 + 21. Let n = -2 + 2. Let z(s) = -s - 6. Let v be z(n). Determine k(v).
8
Let u be ((-1)/2)/((-1258)/420 + 3). Let v = 109 + u. Let l(z) = -z - 1. Determine l(v).
-5
Suppose 2*z - 4*g + 7*g = 1, 5 = -g. Let o be 0/4*-1*(-4)/z. Let w(n) = n + 6. What is w(o)?
6
Let d = -127 + 138. Let f(u) = u**3 - 10*u**2 - 15*u + 11. Determine f(d).
-33
Let w be (-8)/(-4) - 14*-2. Let m = w + -33. Let f(t) = -2*t - 2. What is f(m)?
4
Let z(d) = 2*d**2 + 35*d + 126. Let q be z(-5). Let u(w) = 7*w**2 + 2*w. What is u(q)?
9
Let i(c) = c**3 + 19*c**2 + 26*c + 140. Let b be i(-18). Let z(h) = h + 5. What is z(b)?
1
Let m(o) = 4*o - 4. Let v(w) = -2*w**2 - 2*w + 21. Let b be v(-6). Let a be (b/(-26))/((-1)/(-2) - 0). What is m(a)?
8
Let u(x) = -x**2 - 13*x - 13. Let m(d) = -d - 2. Let g be m(7). Calculate u(g).
23
Let f(z) = -4*z**2 + 4*z**2 - z - 3*z**2 + 2*z**2 - 4. Let j(w) = -w**2 - w - 3. Let n(m) = -3*f(m) + 4*j(m). Determine n(-2).
-2
Let z(f) = -2*f**3 - 4*f - 1. Let b(c) = -c**3 - c**2 + 1. Let u(q) = 3*b(q) - z(q). Suppose -2*x - 2*j = 6, -5*j = -36*x + 38*x + 6. Determine u(x).
-8
Let j(p) = -43*p + 49 + 44*p - 52. Let a = -1 - -4. What is j(a)?
0
Let n be (4 + -1)*(-4)/(48/(-164)). Let b(k) = 40*k - 77*k + 2 + n*k. Calculate b(-2).
-6
Suppose -20*x + 24*x + 12 = 0, 3*x = -j + 5. Let b be (-36)/45 + j/5. Let r(p) = -p + 0 + 2 + 0*p. Give r(b).
0
Let m(a) = -2*a**2 + 8*a - 4. Let c(y) = -3*y**2 + 14*y - 6. Let q(u) = 3*c(u) - 5*m(u). Give q(-1).
1
Suppose o + 2*i + 7 = 3*i, 0 = -3*i. Let b(u) = u**2 + 3*u - 7. What is b(o)?
21
Let u(p) = 14*p + 26*p**2 + 17*p**2 - 60*p**2 + 20*p**2. Calculate u(-7).
49
Suppose -2 = -2*v + 10. Let z be 2 + 4/((-12)/(-27)). Let i(s) = z - 4*s**2 - 4 + 2*s**2 + v*s + s**2. What is i(6)?
7
Let b = 59 - 57. Suppose 0 = b*o + o - 6. Let j(y) = -3*y + 3. Give j(o).
-3
Suppose 2*a + a + 9 = 0. Let v(c) = -c + 3. Let j be v(0). Let n(y) = 5*y**3 - 6*y**3 - 4*y**2 + j + 0. Calculate n(a).
-6
Let d(v) = 16*v + 112. Let y be d(-7). Let u(g) = -g**2 - g. Calculate u(y).
0
Suppose 5*y = 10, 3*y = -5*f + y + 24. Let b(c) = 25*c**2 + 20*c - 430. Let a(k) = -4*k**2 - 3*k + 68. Let q(w) = -19*a(w) - 3*b(w). Determine q(f).
2
Let z be 2 + 13/(-5) - (-12)/(840/182). Let m(u) = 3 - u - 2*u + 0*u. Give m(z).
-3
Let s(i) = -i**2 - 6*i - 3. Suppose d = -0*d - 2*m + 72, -2*d + 153 = -5*m. Let q = 68 - d. What is s(q)?
-3
Let o(q) = q**2 - 6*q + 5. Let s = -9 - -15. Let h be o(s). Let n(z) = 3*z - 6. Give n(h).
9
Let u(o) = 17*o - 3. Let i(j) = -9*j + 2. Let n(l) = -5*i(l) - 3*u(l). Determine n(-2).
11
Let m(d) = -9*d + 2. Suppose 79*o = 76*o - 9. Calculate m(o).
29
Let y(o) = -9*o**3 + 6*o**2 + 3*o + 7. Let l(c) = -25*c**3 + 18*c**2 + 8*c + 20. Let h(j) = -4*l(j) + 11*y(j). Calculate h(6).
3
Let c(j) = -3*j - 5*j**2 + 4*j**2 + 2 + 30*j**3 - 32*j**3 + 3*j**2. Determine c(1).
-1
Let m(d) = -d**2 - 4*d + 5. Let b(n) = -4*n**2 - 11*n + 14. Suppose -4 = -2*h - 0. Let v(l) = h*b(l) - 7*m(l). Calculate v(5).
-2
Suppose i - 9*i = -176. Let v(x) = -11*x**3 - 3 + 4 + i*x**3 + 2*x + 2*x**2 + 0. What is v(-1)?
-10
Let k(s) be the second derivative of -s**4/12 - 3*s**3/2 - 3*s**2 + 4*s - 3. Let l = 16 - 23. Calculate k(l).
8
Let t(u) be the first derivative of 2*u**2 + 3*u + 1. Let i(o) = 3*o - 28. Let n be i(8). Calculate t(n).
-13
Suppose -4 = -5*p - r, -2*p - r - 28 = -32. Let w(b) = -2*b**2 + b - 4. Determine w(p).
-4
Let s(x) = -2*x + 7. Let i be -3*((-69)/9 - -5) - 3. Determine s(i).
-3
Let s(y) = y**2 - 6*y + 5. Suppose 5*n = -5*b + 50, 2*b - n - 2 = 9. Let o = 12 - b. Let p be s(o). Let i(v) = v**3 - v**2 - v + 7. Give i(p).
7
Let h be (-90)/105 - (-20)/7. Let l(q) = 15*q - 3 - 6*q + 4*q**2 - 2*q - 5*q. Calculate l(h).
17
Let x(w) = 4*w + 5. Let a(m) = m. Let u = 21 + -21. Suppose -2*k + 5*i - 8 = 0, u = -0*k - 2*k - i - 8. Let g be a(k). Determine x(g).
-11
Let q(d) = d**2 + 4*d - 1. Let b(s) = -s**3 + 3*s**2 - 4*s + 4. Suppose 2*t + 5*f - 3 = 3*t, 0 = -2*t - 2*f + 6. Let r be b(t). Suppose r = -w - 3. Give q(w).
-4
Let g(i) = 2*i + 1600 - 537 - 533 - 532. Suppose f - 2*o - 2*o = -14, 3*o - 22 = -5*f. Determine g(f).
2
Let k(m) = -m**3 + 6*m**2 - 5*m + 5. Let d = 15 - 11. Suppose -d*f = -f. Suppose -3*u + 21 - 9 = f. What is k(u)?
17
Let z(k) = k**2 + 4*k - 6. Let b(y) = -y**3 + 8*y**2 - 7*y - 2. Let f = 3 - -4. Let x be b(f). Let g = -4 + x. Give z(g).
6
Suppose -2*z + 3*p + 17 = 0, -39 + 31 = -3*z + p. Let j(l) = 50*l**3 - l**2 - l + 1. Calculate j(z).
49
Let d(r) be the third derivative of 0 + 49*r**2 - 1/24*r**4 + 7/6*r**3 + 0*r. Calculate d(9).
-2
Let h(a) be the first derivative of a**4/4 - a**3/3 + 1. Suppose 0 = -4*w - 6*w + 40. Suppose -5*m + 3*p - 1 = p, 5*m = 3*p - w. What is h(m)?
0
Let j(w) = w**3 + 5*w**2 + 6*w + 4. Let y(t) = 0*t**2 - 4*t**2 + 5*t**2 + 6*t. Let x be y(-5). Let p = x - -1. Give j(p).
-4
Suppose 3*w = 5*a - 0*a + 25, -w - 5*a = 25. Let x(f) = -11 - 4*f**2 + 3*f**2 + f**3 + f + w*f + 0*f**2. Give x(0).
-11
Let o(g) = -g**2 - 6*g + 12. Let y(q) = -q**2 - 6*q + 11. Let f(x) = -3*o(x) + 4*y(x). Calculate f(-6).
8
Let p(t) = t. Let c be (92/6)/(8/12). Suppose -4*f - 5*m + c = 0, 3*f + 3 = -m + 4*m. Let o be p(f). Let d(u) = u - 1. Determine d(o).
1
Let f be (-4 + 105/9)*3. Let m be 15/(-25) + f/5. Let q(y) = 4*y + 2 + 3 - m. Determine q(1).
5
Let t(o) = -o**3 - 3*o**2 + 6*o + 3. Let y be ((-7)/(-2))/((-2)/4). Let d = 10 + y. Suppose -m + 3*u - 4 = d, 21 = -4*m + 5*u. Determine t(m).
-5
Suppose -35 = -2*y - 3*y. Let a(t) be the second derivative of t**6/360 - t**5/15 + 3*t**4/4 + 6*t. Let c(b) be the third derivative of a(b). Give c(y).
6
Suppose r - 40 = -4*r. Let w = -2 + r. Let f(j) = 7*j - 13*j**2 - 4 + 4*j + 12*j**2 - w*j. What is f(5)?
-4
Let v(b) = -8*b**2 - b + 1. Suppose -2*j + 0 = -4*u + 8, -4*u + 6 = -j. What is v(u)?
-8
Let z(y) be the second derivative of y**4/12 - 7*y**3/6 + 5*y**2/2 - 6*y. Let q be (6 - 0)/(2*1). Suppose -4 = 2*s - 3*k, -q*k + k = -5*s + 12. Calculate z(s).
-7
Suppose 7*y + 168 = 84. Let x(q) = 2*q**2 + 27*q + 18. Determine x(y).
-18
Let n(u) = -2*u - 12. Let k be n(-4). Let d(b) = b - 11. Let z be d(7). Let v = z - k. Let x(c) = c + 7. Give x(v).
7
Let n = 12 - 6. Let j(i) be the third derivative of -i**5/60 + 5*i**4/24 - i**3/2 + 460*i**2. Calculate j(n).
-9
Let d(c) = -c**3 - 8*c**2 - 8*c. Let q = -5 - -9. Suppose 0 = q*p + 10 + 18. Give d(p).
7
Let x(h) be the third derivative of -h**5/60 + h**4/12 + h**3/3 + h**2 + 20*h. Give x(5).
-13
Let y(u) = 4*u - 5 - 3 + 16 - u**2. What is y(6)?
-4
Let k(t) = -4*t - 13. Suppose 6*o + 3*f + 25 = 2*o, 0 = -3*o - 3*f - 15. What is k(o)?
27
Let q be 1*-1 - (1 - -3). Let m(n) be the second derivative of -n**6/360 - n**5/20 + 5*n**3 + 4*n. Let k(x) be the second derivative of m(x). Determine k(q).
5
Let x(g) be the second derivative of -1/6*g**3 + 1/2*g**2 + 0 - 2*g. Give x(7).
-6
Let b(r) = -r**3 - r**2 - 4. Let j = -214 + 126. Let d = -88 - j. Give b(d).
-4
Let z(v) = 63*v**2 + 1. Let f(a) = -a**2 - 15*a + 15. Let k be f(1). What is z(k)?
64
Let s(l) = -l**2 - 10*l. Let k be s(-10). Let t(v) = k*v**2 - 2 + v**2 + 78*v**3 + 3*v**2 - 2*v - 77*v**3. Give t(-3).
13
Let b(j) = 7*j**3 + j**2 + j. Let u(z) = z - 1. Let i be u(9). Suppose 3*m - 7*m = i. Let n be (m + 1)/(4/4). Calculate b(n).
-7
Suppose -4*g + 49 = g + 3*v, -3*v - 50 = -4*g. Let d(c) = -11*c - c**3 - g*c + 19*c - 3*c**2. What is d(-3)?
9
Let x(r) = r**2 - 3*r - 18. Suppose -14*v = -58*v + 308. Determine x(v).
10
Let f(s) = s + 5. Let a be f(0). Suppose 20 = a*l - 9*l. Let r(d) be the first derivative of d**2/2 - d - 1. Give r(l).
-6
Let m(b) be the first derivative of -b**2 + 2*b + 1. Let y(x) = -x + 2. Suppose -12*h = -10*h + 4. Let r be y(h). Calculate m(r).
-6
Suppose 0 = -q - 16 + 128. Let z(u) = 215*u - q*u - 112*u. Calculate z(-1).
9
Let o(f) be the first derivative of f**3/3 + f**2/2 + 11. Suppose -2*l = -3*z, 3*l = 5*z - 2*l. Calculate o(z).
0
Let c(m) = -m**2 + 27*m - 35. Let k be c(8). Let n(j) = 57 + 60 + j**2 - 9*j**3 - k. What is n(1)?
-8
Let r(d) be the third derivative of d**6/120 + d**5/20 + 2*d**3/3 + d**2. Suppose p = -2*t - 3, 0 = p - t - 18 + 21. Determine r(p).
4
Let l(p) = p**3 - 2*p**2 - 2*p + 2. Suppo